*p + 1. Let y be w(-1). Suppose 2 + y = z. Calculate the greatest common factor of z and 2.
2
Let k = -43 - -85. Calculate the greatest common factor of k and 14.
14
Let n be (-6)/(-6)*(-1 + 12). Let y = n + -7. Suppose 2*p + 0*p = y*r + 66, 33 = p - 3*r. What is the greatest common factor of p and 11?
11
Suppose 0 + 13 = i. Let d(o) = o + 4. Let q be d(0). Suppose -q*b - 4*j + 272 = 0, 0 = 2*b - 0*b - 2*j - 124. Calculate the highest common factor of i and b.
13
Let m(u) = -u**2 - 4*u + 1. Let k be m(-3). Calculate the highest common factor of 10 and k.
2
Let h(f) = 21*f**2 + 6*f - 5. Let i be h(2). Let l be 13*(-2 + (1 - -2)). What is the highest common divisor of l and i?
13
Let s(c) be the first derivative of c**3/3 - 5*c**2 + 1. Let b be s(10). Let d(q) = q + 108. Let v be d(b). Calculate the greatest common factor of v and 12.
12
Suppose 88 = 4*f + 3*g, -4*f + 13 = 2*g - 71. Calculate the highest common divisor of 19 and f.
19
Suppose 0*q - 47 = -5*p - 2*q, -2*p + 2*q + 30 = 0. Calculate the highest common divisor of p and 44.
11
Suppose -44 = 3*g + 2*f - 202, 5*f - 170 = -3*g. Calculate the greatest common factor of g and 75.
25
Let t = -23 + 20. Let y be 3/t*14*-2. Let s = 75 - 33. What is the greatest common divisor of y and s?
14
Let j = 59 - -7. Let z(x) = x**3 + 8*x**2 + 6*x - 1. Suppose -4*m = 25 + 3. Let k be z(m). Calculate the highest common divisor of j and k.
6
Suppose 6 = -a - 10. Let z be a/(-3)*6/4. What is the greatest common divisor of z and 16?
8
Let d be ((-64)/(-10))/((-2)/(-5)). Suppose 8 = 4*n - 0. Calculate the highest common divisor of d and n.
2
Let g(s) = 2*s - 10. Let o be g(6). Let q = 4 - 4. Suppose 0 = -q*u + u - 10. Calculate the highest common divisor of o and u.
2
Let h = 9 - 5. Suppose -h*z + 28 = 5*i, 0*z = z + 5*i - 22. Suppose -c - z = 4*j + 4, 5*c + j - 65 = 0. What is the greatest common divisor of c and 21?
7
Let w = 6 - 5. Suppose -l + g = w, 2*l + 3*g - 14 = 4. Let x be -3 + 3*12/l. What is the greatest common factor of 27 and x?
9
Let k = 3 - 2. Let m be (18/(-21))/(k/(-21)). What is the greatest common divisor of 2 and m?
2
Suppose 4*b - 28 = -3*g, 4 = -b - 1. Calculate the highest common factor of 4 and g.
4
Suppose -4*n + 21 = -3*n - x, 0 = -n - 4*x + 11. Let z = 27 - n. Calculate the greatest common divisor of 12 and z.
4
Let h be (2/4)/(2/(-88)). Suppose 10*n - 5*n + 75 = 0. Let s = n - h. Calculate the greatest common divisor of 42 and s.
7
Suppose 3*t - 7*t = 4, -3*b + 145 = -t. What is the greatest common factor of 16 and b?
16
Suppose -3*x - 1149 = -3*c, x + 211 = -5*c - 196. Let q be (-10)/55 - x/11. What is the greatest common divisor of 140 and q?
35
Let m = -3 + 0. Let c(p) = 1 - 2*p - 3 - 2*p. Let b be c(m). What is the greatest common divisor of b and 90?
10
Let d(f) = 2*f**2 - f - 12. Let o be d(12). Suppose -7*c + o = -5*c. Calculate the greatest common factor of 12 and c.
12
Let l(f) = -7*f - 9. Let h be l(-7). Suppose b - 40 = -3*b. Calculate the highest common divisor of h and b.
10
Let p(u) = -u**2 + 12*u - 10. Let g be p(11). Let d be -2*(2 + (-14)/g). Suppose -2*o + 15 = 3*o. Calculate the highest common factor of d and o.
3
Suppose 384 = -3*m + 7*m. What is the greatest common divisor of m and 12?
12
Suppose 5*c - 154 = 106. Calculate the highest common factor of 130 and c.
26
Let n be 94 - (0 + 1)*-2. Suppose f = -3*f + n. What is the highest common factor of f and 60?
12
Let b(g) = -g**2 + 13*g - 18. Let c be b(10). Suppose 2*y = -2*y + 48. Calculate the greatest common divisor of c and y.
12
Suppose -2*y = -5*p + 29, -y - 3 = -2*y. What is the greatest common divisor of p and 105?
7
Let d = 15 - 11. Suppose -x + 140 = d*x. What is the greatest common factor of 4 and x?
4
Let v = 27 - -3. What is the greatest common factor of v and 75?
15
Let a be 6 - 3 - (-66)/(-1). Let f = a + 168. What is the highest common divisor of 15 and f?
15
Suppose -3*o + 55 - 28 = 0. What is the highest common factor of o and 63?
9
Let c be 67 + -4*3/6. Suppose 8*t = 3*t + c. What is the highest common factor of t and 104?
13
Let c(d) = d + 21. Let p be c(-5). Calculate the greatest common divisor of 8 and p.
8
Let d(z) = 9*z**2 - 4*z + 1. Let t be d(3). Suppose -3 = -5*w + c, c = 6*c + 15. Suppose -2*x + 6*x - 28 = w. Calculate the greatest common factor of x and t.
7
Let r be ((-4)/6)/((-4)/18). Suppose d + 7 = 76. Suppose -4*m = -5*t - d - 12, -r*t = 3*m - 27. Calculate the highest common divisor of m and 28.
14
Suppose 0 = 3*p + 1 + 2. Let w(s) = s**2 + s. Let a be w(p). Suppose a = -0*o - 2*o + 20. What is the greatest common divisor of o and 30?
10
Let h(w) = w**2 - 7*w - 1. Let b be h(7). Let g be (-8)/(b - 1) + 3. What is the greatest common factor of 7 and g?
7
Let n = -32 - -38. Calculate the highest common divisor of n and 12.
6
Suppose -4*a - t + 120 = -5*t, a - 26 = 2*t. Calculate the highest common divisor of 85 and a.
17
Suppose 0 = 2*o - 11 + 5. What is the greatest common factor of 24 and o?
3
Let v be (-2)/4*0 - -16. Let t = v + -2. Calculate the highest common factor of t and 70.
14
Suppose -v - l + 15 = 0, -3*v = -2*v - 2*l - 6. What is the highest common divisor of 36 and v?
12
Let a = 49 + -70. Suppose -3*g + 87 = -3*o, -2*g + 0*o + 4*o = -54. Let r = g + a. What is the greatest common divisor of r and 30?
10
Suppose 0 = -6*k + k - 25. Let p(t) = 8*t**2 - 3*t - 7. Let l be p(k). What is the highest common divisor of l and 26?
26
Let q = -168 - -248. Calculate the highest common divisor of 32 and q.
16
Let n be 325/26 + (-1)/2. Let r be -1*(0 - 109) + -1. Calculate the highest common factor of r and n.
12
Suppose -g - 5*v + 16 + 5 = 0, -12 = -4*v. Suppose p + 11 = 5*o, -3*o + 2 = -o + 2*p. Calculate the highest common divisor of g and o.
2
Suppose k + k + 4*s - 26 = 0, k = 2*s - 7. Suppose -5*b + 2*b + 45 = 0. Calculate the greatest common factor of k and b.
3
Suppose -786 = -4*k - 2*p, 0 = -2*k - 3*k - 5*p + 975. Calculate the greatest common factor of k and 18.
18
Let a = -8 - -124. What is the highest common factor of a and 58?
58
Suppose 0 = -3*c - c + 28. Suppose -2*d + 3 = d. What is the greatest common factor of c and d?
1
Let b be 0 - (0/1 - 18). Let x be (8/(-10))/(2/(-5)). Calculate the highest common divisor of b and x.
2
Suppose k + 108 = -0*k. Let t be k/(-7)*(-42)/(-4). What is the greatest common divisor of t and 18?
18
Let j(i) = -i**3 - 7*i**2 + 9*i + 12. Let v be j(-8). Suppose -v*l = -9*l - 10. Let u be (l/3)/((-2)/75). What is the highest common divisor of u and 10?
5
Let n(d) = 2*d**2 + 5*d - 11. Let a be n(-5). Let y be (7*2)/(-1 - -3). What is the highest common factor of a and y?
7
Suppose 10 = 2*j + 2. Let i be ((-32)/(-10))/(j/20). Calculate the highest common divisor of 32 and i.
16
Let g(a) = 14*a - 1. Let w be g(1). Calculate the greatest common factor of 39 and w.
13
Let l be ((-4)/(-3))/((-9)/(-81)). Calculate the highest common divisor of l and 36.
12
Suppose -4*v + 2*x - 94 = -5*v, 0 = 3*v - 2*x - 258. Calculate the greatest common divisor of v and 33.
11
Suppose -2*q - 2*f + 182 = 0, 4*q + 3*f + 0 = 364. What is the greatest common factor of q and 13?
13
Let b = 17 + -10. Let v = -6 + b. Let f be 7 + -6 + (24 - v). Calculate the highest common divisor of 8 and f.
8
Suppose -3*x - 4*w = -9, -3 + 12 = 3*x - 2*w. Calculate the greatest common divisor of x and 2.
1
Let y be 132 - (0 + (4 - 0)). Let f = 22 - 90. Let x = f + y. Calculate the highest common divisor of x and 15.
15
Let y(g) = 10*g + 4. Let p be y(4). Let j = 5 + p. What is the greatest common divisor of j and 7?
7
Let k(v) = 2*v**2 - 5*v - 3. Let y be k(4). Let g be (2/(-2))/(3/(-3)). Suppose 0 = 3*t - 2*t - g. What is the greatest common factor of t and y?
1
Let s = -32 + 77. Let a(t) = t**3 + 8*t**2 + 9*t. Let w be 1/(-2) - 77/14. Let j be a(w). Calculate the greatest common factor of s and j.
9
Let s(z) = -z**2 + 7*z - 6. Let k be s(5). Suppose -k*x + 45 = 5*i, -4*x + 3*x = -5*i + 45. What is the greatest common factor of 45 and i?
9
Suppose -428 = -4*k + 4*h, 3*h + 5 = 20. Calculate the greatest common divisor of k and 14.
14
Let l = 212 - 181. Let f = -3 - -8. Suppose f*g - l = 119. What is the highest common factor of 45 and g?
15
Let s be -34*1/((-4)/6). Let d = 3 + 1